d 5.
5
Calculate the greatest common factor of 318 and 3657.
159
Calculate the highest common divisor of 3 and 183.
3
Calculate the highest common factor of 63 and 28.
7
Calculate the greatest common divisor of 52 and 65.
13
Calculate the greatest common factor of 12125 and 194.
97
What is the greatest common factor of 3937 and 93?
31
Calculate the highest common factor of 12600 and 14.
14
Calculate the highest common divisor of 3 and 1389.
3
Calculate the greatest common factor of 512 and 12.
4
What is the greatest common divisor of 22 and 88?
22
Calculate the greatest common divisor of 40 and 272.
8
What is the highest common divisor of 64 and 192?
64
What is the highest common divisor of 11077 and 418?
209
What is the greatest common factor of 400 and 32?
16
What is the highest common divisor of 11 and 539?
11
Calculate the highest common factor of 30 and 1572.
6
What is the greatest common divisor of 85 and 2635?
85
Calculate the highest common factor of 5650 and 25.
25
Calculate the greatest common divisor of 66 and 2266.
22
Calculate the greatest common divisor of 185 and 50.
5
What is the greatest common divisor of 190 and 456?
38
What is the greatest common divisor of 15 and 240?
15
What is the highest common factor of 182 and 1792?
14
Calculate the highest common factor of 6 and 1641.
3
Calculate the greatest common divisor of 160 and 760.
40
What is the greatest common divisor of 35 and 73885?
35
What is the highest common factor of 14 and 1494?
2
What is the highest common divisor of 117 and 9?
9
Calculate the highest common factor of 552 and 460.
92
What is the highest common divisor of 1902 and 12?
6
What is the greatest common factor of 68 and 164?
4
What is the highest common divisor of 910 and 2366?
182
Calculate the greatest common factor of 28564 and 148.
148
What is the highest common divisor of 174 and 7598?
58
What is the greatest common divisor of 134 and 2?
2
What is the highest common factor of 28 and 1540?
28
Calculate the highest common factor of 222 and 1406.
74
Calculate the highest common factor of 29 and 261.
29
What is the highest common factor of 608 and 1888?
32
What is the highest common divisor of 7891 and 13?
13
Calculate the highest common factor of 292 and 438.
146
What is the greatest common divisor of 6441 and 5763?
339
Calculate the highest common divisor of 450 and 630.
90
Calculate the greatest common divisor of 378 and 486.
54
Calculate the greatest common divisor of 45 and 10.
5
What is the highest common divisor of 120 and 520?
40
What is the greatest common factor of 1155 and 63?
21
What is the greatest common divisor of 48 and 246?
6
What is the greatest common factor of 27 and 9747?
27
Calculate the greatest common divisor of 2205 and 1617.
147
Calculate the highest common divisor of 60 and 192.
12
What is the greatest common factor of 45 and 1545?
15
Calculate the highest common divisor of 328 and 17056.
328
What is the greatest common factor of 7223 and 31?
31
What is the highest common divisor of 203 and 63?
7
What is the highest common divisor of 310 and 290?
10
Calculate the greatest common divisor of 75 and 8475.
75
What is the highest common divisor of 9672 and 195?
39
What is the highest common divisor of 245 and 98?
49
What is the highest common factor of 110 and 792?
22
Calculate the greatest common divisor of 81 and 3.
3
What is the highest common divisor of 232 and 348?
116
Calculate the highest common divisor of 136 and 488.
8
Calculate the highest common factor of 4180 and 12.
4
Calculate the highest common divisor of 41 and 656.
41
What is the greatest common divisor of 14 and 182?
14
What is the highest common factor of 9 and 11133?
9
Calculate the greatest common factor of 1150 and 184.
46
What is the highest common factor of 125 and 100?
25
Calculate the highest common factor of 11629 and 29.
29
Calculate the greatest common factor of 76440 and 84.
84
What is the highest common factor of 720 and 276?
12
What is the highest common factor of 91 and 754?
13
What is the greatest common factor of 52953 and 57?
57
Calculate the highest common divisor of 385 and 70.
35
What is the highest common divisor of 635 and 381?
127
Calculate the highest common factor of 208 and 13.
13
Calculate the highest common factor of 2016 and 21.
21
What is the highest common divisor of 186 and 9951?
93
Calculate the greatest common divisor of 725 and 425.
25
Calculate the highest common factor of 35306 and 127.
127
What is the greatest common factor of 6 and 98?
2
What is the greatest common divisor of 875 and 25?
25
What is the greatest common divisor of 8288 and 42?
14
What is the greatest common divisor of 24 and 162?
6
What is the greatest common divisor of 1880 and 310?
10
What is the greatest common factor of 33 and 22?
11
What is the greatest common divisor of 894 and 6?
6
What is the greatest common divisor of 309 and 24?
3
What is the highest common factor of 12 and 678?
6
Calculate the greatest common factor of 117 and 5421.
39
What is the highest common factor of 7 and 2023?
7
Calculate the highest common factor of 112 and 854.
14
What is the greatest common factor of 85 and 119?
17
Calculate the highest common factor of 288 and 544.
32
Calculate the highest common factor of 8 and 12.
4
Calculate the highest common factor of 71 and 284.
71
What is the highest common factor of 144 and 9?
9
What is the greatest common factor of 32 and 12800?
32
Calculate the highest common divisor of 1824 and 38.
38
What is the highest common factor of 31050 and 50?
50
What is the highest common factor of 85 and 51?
17
Calculate the highest common factor of 8094 and 114.
114
What is the greatest common factor of 189 and 10827?
27
Calculate the highest common factor of 93 and 992.
31
What is the greatest common divisor of 105 and 6265?
35
What is the greatest common factor of 513 and 27?
27
Calculate the highest common factor of 221 and 51.
17
Calculate the greatest common factor of 22544 and 32.
16
What is the greatest common divisor of 9968 and 14?
14
What is the greatest common divisor of 2728 and 93?
31
What is the greatest common divisor of 2765 and 105?
35
What is the highest common divisor of 7770 and 42?
42
Calculate the greatest common factor of 2 and 73.
1
What is the greatest common factor of 171 and 9?
9
Calculate the highest common divisor of 11850 and 750.
150
Calculate the highest common divisor of 753 and 17068.
251
Calculate the greatest common factor of 290 and 160.
10
Calculate the greatest common divisor of 1088 and 102.
34
Calculate the highest common factor of 182 and 4424.
14
What is the highest common divisor of 160 and 70?
10
What is the highest common factor of 1518 and 138?
138
Calculate the highest common divisor of 646 and 19.
19
Calculate the highest common divisor of 12 and 10842.
6
Calculate the highest common factor of 1284 and 12.
12
Calculate the highest common divisor of 1216 and 64.
64
Calculate the greatest common divisor of 6794 and 344.
86
Calculate the highest common factor of 75 and 6.
3
What is the highest common divisor of 6 and 1101?
3
Calculate the highest common divisor of 128 and 6848.
64
Calculate the greatest common factor of 63 and 18.
9
What is the greatest common divisor of 60 and 870?
30
What is the greatest common divisor of 1568 and 128?
32
Calculate the highest common factor of 144 and 27.
9
Calculate the highest common divisor of 2631 and 3.
3
Calculate the greatest common divisor of 196 and 21.
7
Calculate the highest common factor of 2296 and 56.
56
Calculate the greatest common divisor of 602 and 1978.
86
What is the greatest common divisor of 21 and 413?
7
Calculate the greatest common factor of 110 and 10.
10
Calculate the highest common factor of 34 and 22270.
34
Calculate the greatest common factor of 47 and 1.
1
Calculate the greatest common factor of 6640 and 240.
80
What is the greatest common divisor of 17 and 1?
1
Calculate the greatest common divisor of 420 and 6580.
140
What is the highest common divisor of 560 and 1904?
112
What is the greatest common factor of 304 and 26296?
152
Calculate the greatest common divisor of 1 and 716.
1
What is the greatest common divisor of 104 and 1768?
104
Calculate the greatest common divisor of 280 an